 167 and 214428.
167
Calculate the greatest common factor of 36 and 240228.
36
Calculate the greatest common factor of 294 and 91042.
98
What is the greatest common divisor of 44 and 198484?
44
Calculate the greatest common factor of 1378 and 26650.
26
Calculate the greatest common factor of 77 and 1060675.
77
What is the highest common factor of 15778 and 46?
46
What is the greatest common divisor of 1015 and 3857?
203
Calculate the highest common divisor of 21 and 51807.
21
What is the highest common factor of 3600 and 9225?
225
What is the greatest common factor of 2091 and 4543046?
697
What is the highest common factor of 2589354 and 54?
54
What is the highest common divisor of 1670 and 6?
2
Calculate the highest common factor of 305400 and 24.
24
Calculate the highest common divisor of 13138 and 4.
2
Calculate the greatest common divisor of 14 and 437647.
7
Calculate the greatest common factor of 21 and 34153.
7
What is the greatest common factor of 86 and 1978?
86
What is the highest common factor of 2740 and 40552?
548
What is the greatest common divisor of 2103322 and 130?
26
Calculate the highest common divisor of 7446 and 4386.
102
Calculate the greatest common divisor of 227269 and 7.
7
Calculate the greatest common factor of 104178 and 24.
6
Calculate the highest common divisor of 1066 and 754.
26
Calculate the highest common factor of 253 and 29227.
11
What is the highest common divisor of 14864 and 1232?
16
What is the greatest common factor of 592 and 18463?
37
What is the greatest common factor of 40940 and 90?
10
Calculate the highest common divisor of 2286 and 160782.
762
Calculate the greatest common factor of 2035341 and 2376.
297
What is the greatest common divisor of 2324 and 1079?
83
What is the highest common factor of 6282463 and 11?
11
What is the highest common divisor of 162114 and 2706?
246
Calculate the highest common divisor of 1695504 and 24.
24
Calculate the greatest common divisor of 45552 and 1456.
208
Calculate the highest common divisor of 319373 and 6743.
613
Calculate the highest common divisor of 305 and 79117.
61
Calculate the greatest common factor of 760410 and 119.
119
What is the highest common divisor of 263353 and 778?
389
Calculate the highest common divisor of 672 and 11487.
21
Calculate the highest common factor of 2701 and 657.
73
What is the greatest common divisor of 122423 and 7?
7
Calculate the highest common divisor of 27006 and 28.
14
What is the highest common factor of 29967 and 189?
21
What is the greatest common factor of 52820 and 4560?
380
What is the highest common divisor of 2688 and 105?
21
Calculate the greatest common divisor of 590744 and 352.
88
What is the greatest common divisor of 87 and 11?
1
What is the greatest common divisor of 715 and 67535?
65
What is the greatest common divisor of 847 and 6347?
11
What is the highest common factor of 60827 and 26?
13
Calculate the highest common factor of 17 and 41089.
17
What is the highest common divisor of 13376 and 5643?
209
Calculate the highest common factor of 175985 and 10.
5
Calculate the highest common factor of 58 and 248994.
58
What is the highest common factor of 13933 and 1?
1
Calculate the greatest common divisor of 54573 and 27.
3
Calculate the highest common divisor of 838 and 34.
2
What is the highest common divisor of 7100 and 124676?
284
Calculate the greatest common divisor of 510 and 4530.
30
What is the highest common divisor of 217 and 315?
7
What is the highest common divisor of 3636 and 852?
12
What is the greatest common factor of 39372 and 8?
4
What is the highest common factor of 896 and 68768?
224
What is the greatest common divisor of 41912 and 744?
248
Calculate the greatest common divisor of 143250 and 2292.
1146
Calculate the greatest common factor of 77 and 104203.
11
What is the greatest common factor of 252 and 9772?
28
What is the highest common factor of 270 and 38?
2
Calculate the highest common factor of 37 and 2726641.
37
What is the highest common factor of 12846 and 3606?
6
What is the greatest common divisor of 28762 and 146?
146
What is the greatest common factor of 240 and 175040?
80
What is the greatest common divisor of 21 and 6559?
7
Calculate the greatest common divisor of 143 and 15873.
143
What is the greatest common divisor of 24651 and 1485?
297
Calculate the greatest common factor of 30 and 46605.
15
Calculate the greatest common divisor of 255 and 163155.
15
Calculate the highest common factor of 115 and 46115.
115
Calculate the greatest common divisor of 2900 and 80.
20
What is the greatest common divisor of 2448 and 166770?
306
What is the greatest common divisor of 73458 and 264?
66
Calculate the highest common factor of 1752705 and 90.
45
Calculate the greatest common factor of 270327 and 3765.
753
What is the greatest common factor of 1593 and 1649817?
531
Calculate the greatest common divisor of 10274 and 4664.
22
What is the highest common divisor of 19 and 3388688?
19
What is the greatest common factor of 15531 and 34317?
93
What is the highest common divisor of 1201547 and 1143?
127
Calculate the highest common factor of 2345 and 14.
7
What is the highest common divisor of 65 and 1846?
13
What is the greatest common divisor of 139557 and 22?
11
Calculate the greatest common divisor of 460 and 12860.
20
What is the highest common factor of 5316 and 6492?
12
What is the greatest common factor of 186 and 3427298?
62
What is the greatest common divisor of 7776 and 22752?
288
What is the greatest common divisor of 5 and 2102?
1
Calculate the greatest common factor of 203009 and 178.
89
Calculate the highest common divisor of 39537 and 117.
9
Calculate the highest common divisor of 70764 and 48.
12
What is the highest common factor of 1750 and 25750?
250
Calculate the highest common factor of 155030 and 37.
37
Calculate the highest common divisor of 75 and 46425.
75
What is the greatest common factor of 495 and 31295?
55
Calculate the highest common divisor of 11440 and 156.
52
What is the highest common factor of 2666548 and 4?
4
Calculate the highest common divisor of 136 and 986.
34
Calculate the highest common divisor of 52 and 31746.
26
Calculate the greatest common divisor of 12 and 133356.
12
Calculate the highest common factor of 196407 and 695.
139
What is the highest common divisor of 10 and 47445?
5
Calculate the greatest common divisor of 2162 and 14.
2
What is the greatest common factor of 69376 and 256?
256
Calculate the greatest common divisor of 143 and 39798.
11
What is the highest common factor of 1628 and 56092?
148
Calculate the greatest common divisor of 8279358 and 474.
474
What is the greatest common factor of 608 and 263948?
76
Calculate the greatest common divisor of 12 and 3839676.
12
What is the greatest common divisor of 21743 and 1751?
17
What is the highest common divisor of 469515 and 1385?
1385
Calculate the highest common factor of 11765 and 195.
65
What is the highest common divisor of 152494 and 76?
38
What is the greatest common factor of 2394 and 18696?
114
Calculate the greatest common divisor of 1182484 and 380.
76
Calculate the highest common divisor of 647 and 2103397.
647
What is the highest common factor of 50 and 210325?
25
What is the highest common factor of 14167 and 5828?
31
What is the greatest common factor of 1662 and 1272?
6
What is the highest common divisor of 511423 and 836?
209
What is the greatest common divisor of 68 and 2567?
17
Calculate the highest common divisor of 202405 and 105.
35
Calculate the greatest common factor of 871376 and 176.
176
What is the highest common factor of 33 and 341?
11
Calculate the greatest common factor of 1596 and 23009.
133
What is the highest common factor of 51686 and 946?
86
What is the greatest common factor of 21685 and 15?
5
Calculate the greatest common divisor of 342 and 16839.
9
Calculate the highest common factor of 319657 and 41808.
871
What is the highest common factor of 4850814 and 2584?
646
What is the greatest common factor of 4753369 and 1601?
1601
Calculate the highest common factor of 436000 and 96.
32
Calculate the highest common factor of 79 and 484744.
79
What is the greatest common divisor of 480 and 19830?
30
What is the highest common divisor of 20 and 3